{"id":35,"date":"2013-01-17T19:53:31","date_gmt":"2013-01-17T17:53:31","guid":{"rendered":"https:\/\/www.nemalici.biz\/?page_id=35"},"modified":"2013-01-18T17:37:56","modified_gmt":"2013-01-18T15:37:56","slug":"hakkimizda","status":"publish","type":"page","link":"https:\/\/www.nemalici.biz\/?page_id=35","title":{"rendered":"Hakk\u0131m\u0131zda"},"content":{"rendered":"<p><strong>Kimted Kimyevi Maddeler ve T\u0131bbi Malzemeler\u00a0Sanayi ve\u00a0Tic. Ltd. \u015eti\u00a01987\u00a0<\/strong>Y\u0131l\u0131nda \u0130stanbul Karak\u00f6y \u2018de faaliyetine ba\u015flam\u0131\u015ft\u0131r. Bu g\u00fcne kadar nem al\u0131c\u0131 silikajel alan\u0131nda\u00a0faaliyet g\u00f6stermektedir.<\/p>\n<p>Faaliyetine K\u0131s\u0131kl\u0131 Mah. Ferah Cad. Yusuf Kemal Sok. No:18 \/ A \u00a0 \u00a0\u00dcSK\u00dcDAR \/ \u0130STANBUL adresinde 26 Y\u0131ld\u0131r s\u00fcrd\u00fcrmektedir..<\/p>\n<p><strong><a title=\"Kimted Ltd \u015eti.\" href=\"http:\/\/www.kimted.net\/\" target=\"_blank\">www.kimted.net \u00a0 \u00a0&#8211; \u00a0<\/a><a title=\"Kimted Ltd \u015eti.\" href=\"http:\/\/www.kimted.com\/\" target=\"_blank\">www.kimted.com<br \/>\n<\/a><\/strong><strong><a title=\"Kimted Ltd \u015eti.\" href=\"http:\/\/www.silikajel.net\/\" target=\"_blank\">www.silikajel.net<\/a>\u00a0 &#8211; \u00a0<a title=\"Kimted Ltd \u015eti.\" href=\"https:\/\/www.nemalici.biz\/\" target=\"_blank\">www.nemalici.biz<\/a><\/strong><\/p>\n<p>Gsm: 0 536 445 42 76 &#8211; \u00a0Bayram \u00c7EVRE<br \/>\nTel : 0 216 344 43 60 \u00a0 Fax: 0 216 328 95 92<\/p>\n<p>E.Mail:\u00a0(MSN)\u00a0<a title=\"e.posta g\u00f6ndermek i\u00e7in t\u0131klay\u0131n\u0131z...\" href=\"mailto:kimted@kimted.com\" target=\"_blank\">kimted@kimted.com<br \/>\n<\/a><a title=\"e.posta g\u00f6ndermek i\u00e7in t\u0131klay\u0131n\u0131z...\" href=\"mailto:kimted@kimted.com\" target=\"_blank\">bayramcevre@hotmail.com<\/a><\/p>\n<p>&nbsp;<\/p>\n<div id='gallery-1' class='gallery galleryid-35 gallery-columns-3 gallery-size-thumbnail'><figure class='gallery-item'>\n\t\t\t<div class='gallery-icon landscape'>\n\t\t\t\t<a href='https:\/\/www.nemalici.biz\/?attachment_id=53'><img loading=\"lazy\" decoding=\"async\" width=\"120\" height=\"120\" src=\"https:\/\/www.nemalici.biz\/wp-content\/uploads\/2013\/01\/nem-alici-silikajel-yukleme-9-1024x768-150x150.jpg\" class=\"attachment-thumbnail size-thumbnail\" alt=\"\" aria-describedby=\"gallery-1-53\" srcset=\"https:\/\/www.nemalici.biz\/wp-content\/uploads\/2013\/01\/nem-alici-silikajel-yukleme-9-1024x768-150x150.jpg 150w, https:\/\/www.nemalici.biz\/wp-content\/uploads\/2013\/01\/nem-alici-silikajel-yukleme-9-1024x768-501x501.jpg 501w, https:\/\/www.nemalici.biz\/wp-content\/uploads\/2013\/01\/nem-alici-silikajel-yukleme-9-1024x768-100x100.jpg 100w\" sizes=\"auto, (max-width: 120px) 100vw, 120px\" \/><\/a>\n\t\t\t<\/div>\n\t\t\t\t<figcaption class='wp-caption-text gallery-caption' id='gallery-1-53'>\n\t\t\t\tNem al\u0131c\u0131 silikajel y\u00fckleme\n\t\t\t\t<\/figcaption><\/figure><figure class='gallery-item'>\n\t\t\t<div class='gallery-icon landscape'>\n\t\t\t\t<a href='https:\/\/www.nemalici.biz\/?attachment_id=52'><img loading=\"lazy\" decoding=\"async\" width=\"120\" height=\"120\" src=\"https:\/\/www.nemalici.biz\/wp-content\/uploads\/2013\/01\/nem-alici-silikajel-yukleme-8-1024x768-150x150.jpg\" class=\"attachment-thumbnail size-thumbnail\" alt=\"\" aria-describedby=\"gallery-1-52\" srcset=\"https:\/\/www.nemalici.biz\/wp-content\/uploads\/2013\/01\/nem-alici-silikajel-yukleme-8-1024x768-150x150.jpg 150w, https:\/\/www.nemalici.biz\/wp-content\/uploads\/2013\/01\/nem-alici-silikajel-yukleme-8-1024x768-501x501.jpg 501w, https:\/\/www.nemalici.biz\/wp-content\/uploads\/2013\/01\/nem-alici-silikajel-yukleme-8-1024x768-100x100.jpg 100w\" sizes=\"auto, (max-width: 120px) 100vw, 120px\" \/><\/a>\n\t\t\t<\/div>\n\t\t\t\t<figcaption class='wp-caption-text gallery-caption' id='gallery-1-52'>\n\t\t\t\tNem al\u0131c\u0131 silikajel y\u00fckleme\n\t\t\t\t<\/figcaption><\/figure><figure class='gallery-item'>\n\t\t\t<div class='gallery-icon landscape'>\n\t\t\t\t<a href='https:\/\/www.nemalici.biz\/?attachment_id=51'><img loading=\"lazy\" decoding=\"async\" width=\"120\" height=\"120\" src=\"https:\/\/www.nemalici.biz\/wp-content\/uploads\/2013\/01\/nem-alici-silikajel-yukleme-7-1024x768-150x150.jpg\" class=\"attachment-thumbnail size-thumbnail\" alt=\"\" aria-describedby=\"gallery-1-51\" srcset=\"https:\/\/www.nemalici.biz\/wp-content\/uploads\/2013\/01\/nem-alici-silikajel-yukleme-7-1024x768-150x150.jpg 150w, https:\/\/www.nemalici.biz\/wp-content\/uploads\/2013\/01\/nem-alici-silikajel-yukleme-7-1024x768-501x501.jpg 501w, https:\/\/www.nemalici.biz\/wp-content\/uploads\/2013\/01\/nem-alici-silikajel-yukleme-7-1024x768-100x100.jpg 100w\" sizes=\"auto, (max-width: 120px) 100vw, 120px\" \/><\/a>\n\t\t\t<\/div>\n\t\t\t\t<figcaption class='wp-caption-text gallery-caption' id='gallery-1-51'>\n\t\t\t\tNem al\u0131c\u0131 silikajel y\u00fckleme\n\t\t\t\t<\/figcaption><\/figure><figure class='gallery-item'>\n\t\t\t<div class='gallery-icon landscape'>\n\t\t\t\t<a href='https:\/\/www.nemalici.biz\/?attachment_id=50'><img loading=\"lazy\" decoding=\"async\" width=\"120\" height=\"120\" src=\"https:\/\/www.nemalici.biz\/wp-content\/uploads\/2013\/01\/nem-alici-silikajel-yukleme-6-1024x768-150x150.jpg\" class=\"attachment-thumbnail size-thumbnail\" alt=\"\" aria-describedby=\"gallery-1-50\" srcset=\"https:\/\/www.nemalici.biz\/wp-content\/uploads\/2013\/01\/nem-alici-silikajel-yukleme-6-1024x768-150x150.jpg 150w, https:\/\/www.nemalici.biz\/wp-content\/uploads\/2013\/01\/nem-alici-silikajel-yukleme-6-1024x768-501x501.jpg 501w, https:\/\/www.nemalici.biz\/wp-content\/uploads\/2013\/01\/nem-alici-silikajel-yukleme-6-1024x768-100x100.jpg 100w\" sizes=\"auto, (max-width: 120px) 100vw, 120px\" \/><\/a>\n\t\t\t<\/div>\n\t\t\t\t<figcaption class='wp-caption-text gallery-caption' id='gallery-1-50'>\n\t\t\t\tNem al\u0131c\u0131 silikajel y\u00fckleme\n\t\t\t\t<\/figcaption><\/figure><figure class='gallery-item'>\n\t\t\t<div class='gallery-icon landscape'>\n\t\t\t\t<a href='https:\/\/www.nemalici.biz\/?attachment_id=49'><img loading=\"lazy\" decoding=\"async\" width=\"120\" height=\"120\" src=\"https:\/\/www.nemalici.biz\/wp-content\/uploads\/2013\/01\/nem-alici-silikajel-yukleme-5-1024x768-150x150.jpg\" class=\"attachment-thumbnail size-thumbnail\" alt=\"\" aria-describedby=\"gallery-1-49\" srcset=\"https:\/\/www.nemalici.biz\/wp-content\/uploads\/2013\/01\/nem-alici-silikajel-yukleme-5-1024x768-150x150.jpg 150w, https:\/\/www.nemalici.biz\/wp-content\/uploads\/2013\/01\/nem-alici-silikajel-yukleme-5-1024x768-501x501.jpg 501w, https:\/\/www.nemalici.biz\/wp-content\/uploads\/2013\/01\/nem-alici-silikajel-yukleme-5-1024x768-100x100.jpg 100w\" sizes=\"auto, (max-width: 120px) 100vw, 120px\" \/><\/a>\n\t\t\t<\/div>\n\t\t\t\t<figcaption class='wp-caption-text gallery-caption' id='gallery-1-49'>\n\t\t\t\tNem al\u0131c\u0131 silikajel y\u00fckleme\n\t\t\t\t<\/figcaption><\/figure><figure class='gallery-item'>\n\t\t\t<div class='gallery-icon landscape'>\n\t\t\t\t<a href='https:\/\/www.nemalici.biz\/?attachment_id=48'><img loading=\"lazy\" decoding=\"async\" width=\"120\" height=\"120\" src=\"https:\/\/www.nemalici.biz\/wp-content\/uploads\/2013\/01\/nem-alici-silikajel-yukleme-4-1024x768-150x150.jpg\" class=\"attachment-thumbnail size-thumbnail\" alt=\"\" aria-describedby=\"gallery-1-48\" srcset=\"https:\/\/www.nemalici.biz\/wp-content\/uploads\/2013\/01\/nem-alici-silikajel-yukleme-4-1024x768-150x150.jpg 150w, https:\/\/www.nemalici.biz\/wp-content\/uploads\/2013\/01\/nem-alici-silikajel-yukleme-4-1024x768-501x501.jpg 501w, https:\/\/www.nemalici.biz\/wp-content\/uploads\/2013\/01\/nem-alici-silikajel-yukleme-4-1024x768-100x100.jpg 100w\" sizes=\"auto, (max-width: 120px) 100vw, 120px\" \/><\/a>\n\t\t\t<\/div>\n\t\t\t\t<figcaption class='wp-caption-text gallery-caption' id='gallery-1-48'>\n\t\t\t\tNem al\u0131c\u0131 silikajel y\u00fckleme\n\t\t\t\t<\/figcaption><\/figure><figure class='gallery-item'>\n\t\t\t<div class='gallery-icon landscape'>\n\t\t\t\t<a href='https:\/\/www.nemalici.biz\/?attachment_id=47'><img loading=\"lazy\" decoding=\"async\" width=\"120\" height=\"120\" src=\"https:\/\/www.nemalici.biz\/wp-content\/uploads\/2013\/01\/nem-alici-silikajel-yukleme-3-1024x768-150x150.jpg\" class=\"attachment-thumbnail size-thumbnail\" alt=\"\" aria-describedby=\"gallery-1-47\" srcset=\"https:\/\/www.nemalici.biz\/wp-content\/uploads\/2013\/01\/nem-alici-silikajel-yukleme-3-1024x768-150x150.jpg 150w, https:\/\/www.nemalici.biz\/wp-content\/uploads\/2013\/01\/nem-alici-silikajel-yukleme-3-1024x768-501x501.jpg 501w, https:\/\/www.nemalici.biz\/wp-content\/uploads\/2013\/01\/nem-alici-silikajel-yukleme-3-1024x768-100x100.jpg 100w\" sizes=\"auto, (max-width: 120px) 100vw, 120px\" \/><\/a>\n\t\t\t<\/div>\n\t\t\t\t<figcaption class='wp-caption-text gallery-caption' id='gallery-1-47'>\n\t\t\t\tNem al\u0131c\u0131 silikajel y\u00fckleme\n\t\t\t\t<\/figcaption><\/figure><figure class='gallery-item'>\n\t\t\t<div class='gallery-icon landscape'>\n\t\t\t\t<a href='https:\/\/www.nemalici.biz\/?attachment_id=46'><img loading=\"lazy\" decoding=\"async\" width=\"120\" height=\"120\" src=\"https:\/\/www.nemalici.biz\/wp-content\/uploads\/2013\/01\/nem-alici-silikajel-yukleme-2-1024x768-150x150.jpg\" class=\"attachment-thumbnail size-thumbnail\" alt=\"\" aria-describedby=\"gallery-1-46\" srcset=\"https:\/\/www.nemalici.biz\/wp-content\/uploads\/2013\/01\/nem-alici-silikajel-yukleme-2-1024x768-150x150.jpg 150w, https:\/\/www.nemalici.biz\/wp-content\/uploads\/2013\/01\/nem-alici-silikajel-yukleme-2-1024x768-501x501.jpg 501w, https:\/\/www.nemalici.biz\/wp-content\/uploads\/2013\/01\/nem-alici-silikajel-yukleme-2-1024x768-100x100.jpg 100w\" sizes=\"auto, (max-width: 120px) 100vw, 120px\" \/><\/a>\n\t\t\t<\/div>\n\t\t\t\t<figcaption class='wp-caption-text gallery-caption' id='gallery-1-46'>\n\t\t\t\tNem al\u0131c\u0131 silikajel y\u00fckleme\n\t\t\t\t<\/figcaption><\/figure><figure class='gallery-item'>\n\t\t\t<div class='gallery-icon landscape'>\n\t\t\t\t<a href='https:\/\/www.nemalici.biz\/?attachment_id=45'><img loading=\"lazy\" decoding=\"async\" width=\"120\" height=\"120\" src=\"https:\/\/www.nemalici.biz\/wp-content\/uploads\/2013\/01\/nem-alici-silikajel-yukleme-1-1024x768-150x150.jpg\" class=\"attachment-thumbnail size-thumbnail\" alt=\"\" aria-describedby=\"gallery-1-45\" srcset=\"https:\/\/www.nemalici.biz\/wp-content\/uploads\/2013\/01\/nem-alici-silikajel-yukleme-1-1024x768-150x150.jpg 150w, https:\/\/www.nemalici.biz\/wp-content\/uploads\/2013\/01\/nem-alici-silikajel-yukleme-1-1024x768-501x501.jpg 501w, https:\/\/www.nemalici.biz\/wp-content\/uploads\/2013\/01\/nem-alici-silikajel-yukleme-1-1024x768-100x100.jpg 100w\" sizes=\"auto, (max-width: 120px) 100vw, 120px\" \/><\/a>\n\t\t\t<\/div>\n\t\t\t\t<figcaption class='wp-caption-text gallery-caption' id='gallery-1-45'>\n\t\t\t\tNem al\u0131c\u0131 silikajel y\u00fckleme\n\t\t\t\t<\/figcaption><\/figure>\n\t\t<\/div>\n\n","protected":false},"excerpt":{"rendered":"<p>Kimted Kimyevi Maddeler ve T\u0131bbi Malzemeler\u00a0Sanayi ve\u00a0Tic. Ltd. \u015eti\u00a01987\u00a0Y\u0131l\u0131nda \u0130stanbul Karak\u00f6y \u2018de faaliyetine ba\u015flam\u0131\u015ft\u0131r. Bu g\u00fcne kadar nem al\u0131c\u0131 silikajel alan\u0131nda\u00a0faaliyet g\u00f6stermektedir. Faaliyetine K\u0131s\u0131kl\u0131 Mah. Ferah Cad. Yusuf Kemal Sok.<a href=\"https:\/\/www.nemalici.biz\/?page_id=35\" class=\"d-block breadmore\">Read More<\/a><\/p>\n","protected":false},"author":1,"featured_media":0,"parent":0,"menu_order":0,"comment_status":"open","ping_status":"open","template":"","meta":{"_monsterinsights_skip_tracking":false,"_monsterinsights_sitenote_active":false,"_monsterinsights_sitenote_note":"","_monsterinsights_sitenote_category":0,"footnotes":""},"class_list":["post-35","page","type-page","status-publish","hentry"],"aioseo_notices":[],"jetpack_sharing_enabled":true,"_links":{"self":[{"href":"https:\/\/www.nemalici.biz\/index.php?rest_route=\/wp\/v2\/pages\/35","targetHints":{"allow":["GET"]}}],"collection":[{"href":"https:\/\/www.nemalici.biz\/index.php?rest_route=\/wp\/v2\/pages"}],"about":[{"href":"https:\/\/www.nemalici.biz\/index.php?rest_route=\/wp\/v2\/types\/page"}],"author":[{"embeddable":true,"href":"https:\/\/www.nemalici.biz\/index.php?rest_route=\/wp\/v2\/users\/1"}],"replies":[{"embeddable":true,"href":"https:\/\/www.nemalici.biz\/index.php?rest_route=%2Fwp%2Fv2%2Fcomments&post=35"}],"version-history":[{"count":13,"href":"https:\/\/www.nemalici.biz\/index.php?rest_route=\/wp\/v2\/pages\/35\/revisions"}],"predecessor-version":[{"id":38,"href":"https:\/\/www.nemalici.biz\/index.php?rest_route=\/wp\/v2\/pages\/35\/revisions\/38"}],"wp:attachment":[{"href":"https:\/\/www.nemalici.biz\/index.php?rest_route=%2Fwp%2Fv2%2Fmedia&parent=35"}],"curies":[{"name":"wp","href":"https:\/\/api.w.org\/{rel}","templated":true}]}}